22904?
4
What is the thousands digit of 5793675?
3
What is the tens digit of 14403322?
2
What is the ten thousands digit of 556292?
5
What is the hundred thousands digit of 11227589?
2
What is the units digit of 5724575?
5
What is the units digit of 6843141?
1
What is the hundred thousands digit of 230822?
2
What is the units digit of 1543362?
2
What is the hundreds digit of 3464890?
8
What is the hundreds digit of 5705866?
8
What is the tens digit of 231182?
8
What is the tens digit of 166445?
4
What is the tens digit of 2698932?
3
What is the units digit of 347301?
1
What is the hundred thousands digit of 235885?
2
What is the units digit of 1274417?
7
What is the ten thousands digit of 2024583?
2
What is the hundred thousands digit of 5543487?
5
What is the thousands digit of 289481?
9
What is the thousands digit of 311030?
1
What is the thousands digit of 1598364?
8
What is the ten thousands digit of 1174926?
7
What is the tens digit of 115165?
6
What is the units digit of 224246?
6
What is the millions digit of 3992867?
3
What is the tens digit of 1978862?
6
What is the thousands digit of 118944?
8
What is the tens digit of 344869?
6
What is the millions digit of 1049047?
1
What is the units digit of 573910?
0
What is the units digit of 4866623?
3
What is the thousands digit of 22801474?
1
What is the thousands digit of 5256322?
6
What is the tens digit of 8419700?
0
What is the tens digit of 1458381?
8
What is the thousands digit of 15466329?
6
What is the ten thousands digit of 1654225?
5
What is the tens digit of 3164662?
6
What is the hundreds digit of 11987934?
9
What is the tens digit of 70471?
7
What is the hundreds digit of 12026283?
2
What is the thousands digit of 51458?
1
What is the hundred thousands digit of 519642?
5
What is the ten thousands digit of 536697?
3
What is the thousands digit of 4420663?
0
What is the hundreds digit of 742483?
4
What is the hundreds digit of 1379068?
0
What is the ten thousands digit of 7849167?
4
What is the hundreds digit of 208434?
4
What is the units digit of 1208263?
3
What is the hundred thousands digit of 824114?
8
What is the ten thousands digit of 514001?
1
What is the thousands digit of 3362924?
2
What is the tens digit of 1023978?
7
What is the units digit of 1277601?
1
What is the units digit of 1524540?
0
What is the units digit of 723341?
1
What is the units digit of 209636?
6
What is the units digit of 6091225?
5
What is the hundred thousands digit of 1461473?
4
What is the thousands digit of 1847167?
7
What is the hundred thousands digit of 236315?
2
What is the millions digit of 3567729?
3
What is the hundred thousands digit of 13258517?
2
What is the thousands digit of 2223602?
3
What is the thousands digit of 372243?
2
What is the thousands digit of 12558951?
8
What is the thousands digit of 118021?
8
What is the ten thousands digit of 3654082?
5
What is the units digit of 7977?
7
What is the hundreds digit of 1585806?
8
What is the hundreds digit of 3197554?
5
What is the hundred thousands digit of 986949?
9
What is the tens digit of 37336?
3
What is the ten thousands digit of 9454481?
5
What is the millions digit of 1478290?
1
What is the thousands digit of 4429203?
9
What is the thousands digit of 10457259?
7
What is the hundreds digit of 660259?
2
What is the hundred thousands digit of 929997?
9
What is the tens digit of 61419?
1
What is the tens digit of 5928796?
9
What is the thousands digit of 2096236?
6
What is the units digit of 278465?
5
What is the hundreds digit of 664296?
2
What is the millions digit of 18234303?
8
What is the ten thousands digit of 15544653?
4
What is the units digit of 385779?
9
What is the ten thousands digit of 404274?
0
What is the tens digit of 698536?
3
What is the units digit of 511630?
0
What is the hundreds digit of 11955977?
9
What is the ten thousands digit of 301837?
0
What is the ten millions digit of 27983329?
2
What is the ten thousands digit of 695806?
9
What is the tens digit of 250420?
2
What is the hundreds digit of 2590916?
9
What is the hundred thousands digit of 285193?
2
What is the thousands digit of 1587457?
7
What is the hundred thousands digit of 274210?
2
What is the hundred thousands digit of 802086?
8
What is the thousands digit of 4889748?
9
What is the hundreds digit of 228466?
4
What is the ten thousands digit of 1509119?
0
What is the ten thousands digit of 103744?
0
What is the ten thousands digit of 5235634?
3
What is the tens digit of 717309?
0
What is the units digit of 4624884?
4
What is the thousands digit of 3026227?
6
What is the thousands digit of 744936?
4
What is the units digit of 2150445?
5
What is the tens digit of 1240751?
5
What is the hundreds digit of 10955826?
8
What is the hundred thousands digit of 357768?
3
What is the hundreds digit of 1869886?
8
What is the millions digit of 11701422?
1
What is the hundreds digit of 242251?
2
What is the tens digit of 3850422?
2
What is the tens digit of 88639?
3
What is the ten thousands digit of 16152710?
5
What is the millions digit of 3036749?
3
What is the units digit of 2047792?
2
What is the ten thousands digit of 3287723?
8
What is the hundreds digit of 2704761?
7
What is the thousands digit of 4108028?
8
What is the millions digit of 7530452?
7
What is the tens digit of 93948?
4
What is the hundred thousands digit of 242029?
2
What is the hundred thousands digit of 2177860?
1
What is the hundred thousands digit of 247633?
2
What is the tens digit of 9456775?
7
What is the hundred thousands digit of 610322?
6
What is the hundreds digit of 788818?
8
What is the units digit of 560948?
8
What is the millions digit of 6424592?
6
What is the ten thousands digit of 245032?
4
What is the ten thousands digit of 240966?
4
What is the units digit of 2822199?
9
What is the millions digit of 3814217?
3
What is the thousands digit of 681218?
1
What is the hundred thousands digit of 569632?
5
What is the tens digit of 3071043?
4
What is the units digit of 64918?
8
What is the hundred thousands digit of 9307922?
3
What is the ten thousands digit of 26459?
2
What is the tens digit of 2045213?
1
What is the hundreds digit of 634464?
4
What is the units digit of 1201313?
3
What is the units digit of 159376?
6
What is the thousands digit of 10630319?
0
What is the ten thousands digit of 7981356?
8
What is the ten thousands digit of 2971043?
7
What is the ten thousands digit of 7150500?
5
What is the thousands digit of 233343?
3
What is the ten thousands digit of 760188?
6
What is the tens digit of 204995?
9
What is the hundred thousands digit of 776771?
7
What is the millions digit of 5211435?
5
What is the hundred thousands digit of 1718918?
7
What is the hundreds digit of 380716?
7
What is the ten thousands digit of 169562?
6
What is the hundred thousands digit of 2298659?
2
What is the ten millions digit of 11057992?
1
What is the tens digit of 155273?
7
What is the ten thousands digit of 564880?
6
What is the thousands digit of 1595049?
5
What is the hundreds digit of 4102702?
7
What is the ten millions digit of 17999756?
1
What is the hundred thousands digit of 244204?
2
What is the tens digit of 928316?
1
What is the tens digit of 172388?
8
What is the hundred thousands digit of 25669517?
6
What is the hundreds digit of 3033412?
4
What is the thousands digit of 39546?
9
What is the ten thousands digit of 400398?
0
What is the tens digit of 21657556?
5
What is the hundred thousands digit of 1707879?
7
What is the units digit of 12747401?
1
What is the tens digit of 3053062?
6
What is the tens digit of 1360042?
4
What is the hundred thousands digit of 702466?
7
What is the hundred thousands digit of 411141?
4
What is the units digit of 3377953?
3
What is the hundreds digit of 979758?
7
What is the thousands digit of 3808598?
8
What is the tens digit of 291930?
3
What is the units digit of 1997345?
5
What is the millions digit of 5885941?
5
What is the ten thousands digit of 104175?
0
What is the units digit of 277072?
2
What is the hundred thousands digit of 30075039?
0
What is the ten thousands digit of 515164?
1
What is the units digit of 12196459?
9
What is the ten thousands digit of 58692?
5
What is the units digit of 1671318?
8
What is the tens digit of